{"id":225,"date":"2017-04-28T14:16:28","date_gmt":"2017-04-28T12:16:28","guid":{"rendered":"https:\/\/www.carzig.net\/carzig\/?post_type=tribe_events&#038;p=225"},"modified":"2017-04-28T14:16:51","modified_gmt":"2017-04-28T12:16:51","slug":"podiumsdiskussion-mit-vetreterinnen-aus-kommunal-und-landespolitik","status":"publish","type":"tribe_events","link":"https:\/\/www.carzig.net\/carzig\/event\/podiumsdiskussion-mit-vetreterinnen-aus-kommunal-und-landespolitik\/","title":{"rendered":"Podiumsdiskussion mit VetreterInnen aus Kommunal- und Landespolitik"},"content":{"rendered":"<p>Liebe NachbarInnen und Interessierte, am 14.05.2017 findet wie ja bereits angek\u00fcndigt \u00a0um 10:00 Uhr in unserer Kirche eine Podiumsdiskussion mit VetreterInnen aus Kommunal- und Landespolitik sowie auch Regionalr\u00e4ten statt. Lieber Thomas, bitte nimm diesen Termin mit auf die website.<\/p>\n<p>Die Regionalr\u00e4tin Frau Simona Koss hat \u00fcbrigens bereits ihr Kommen angek\u00fcndigt. Es ist wichtig, dass Ihr diese Veranstaltung m\u00f6glichst weitr\u00e4umig publik macht.<\/p>\n<p>&nbsp;<\/p>\n<p>Es gr\u00fc\u00dft Euch herzlich<\/p>\n<p>&nbsp;<\/p>\n<p><strong>Stefan Hellert<\/strong><\/p>\n<p>Sprecher der B\u00fcrgerinitiative Carzig<\/p>\n","protected":false},"excerpt":{"rendered":"<p>Liebe NachbarInnen und Interessierte, am 14.05.2017 findet wie ja bereits angek\u00fcndigt \u00a0um 10:00 Uhr in unserer Kirche eine Podiumsdiskussion mit VetreterInnen aus Kommunal- und Landespolitik sowie auch Regionalr\u00e4ten statt. Lieber Thomas, bitte nimm diesen Termin mit auf die website. Die Regionalr\u00e4tin Frau Simona Koss hat \u00fcbrigens bereits ihr Kommen angek\u00fcndigt.\u2026<\/p>\n<p> <a class=\"continue-reading-link\" href=\"https:\/\/www.carzig.net\/carzig\/event\/podiumsdiskussion-mit-vetreterinnen-aus-kommunal-und-landespolitik\/\"><span>mehr lesen<\/span><i class=\"crycon-right-dir\"><\/i><\/a> <\/p>\n","protected":false},"author":1,"featured_media":0,"template":"","meta":{"xn-wppe-expiration":[],"xn-wppe-expiration-action":[],"xn-wppe-expiration-prefix":[],"_tribe_events_status":"","_tribe_events_status_reason":"","footnotes":""},"tags":[],"tribe_events_cat":[],"class_list":["post-225","tribe_events","type-tribe_events","status-publish","hentry","gallery-content-unit"],"_links":{"self":[{"href":"https:\/\/www.carzig.net\/carzig\/wp-json\/wp\/v2\/tribe_events\/225","targetHints":{"allow":["GET"]}}],"collection":[{"href":"https:\/\/www.carzig.net\/carzig\/wp-json\/wp\/v2\/tribe_events"}],"about":[{"href":"https:\/\/www.carzig.net\/carzig\/wp-json\/wp\/v2\/types\/tribe_events"}],"author":[{"embeddable":true,"href":"https:\/\/www.carzig.net\/carzig\/wp-json\/wp\/v2\/users\/1"}],"version-history":[{"count":1,"href":"https:\/\/www.carzig.net\/carzig\/wp-json\/wp\/v2\/tribe_events\/225\/revisions"}],"predecessor-version":[{"id":226,"href":"https:\/\/www.carzig.net\/carzig\/wp-json\/wp\/v2\/tribe_events\/225\/revisions\/226"}],"wp:attachment":[{"href":"https:\/\/www.carzig.net\/carzig\/wp-json\/wp\/v2\/media?parent=225"}],"wp:term":[{"taxonomy":"post_tag","embeddable":true,"href":"https:\/\/www.carzig.net\/carzig\/wp-json\/wp\/v2\/tags?post=225"},{"taxonomy":"tribe_events_cat","embeddable":true,"href":"https:\/\/www.carzig.net\/carzig\/wp-json\/wp\/v2\/tribe_events_cat?post=225"}],"curies":[{"name":"wp","href":"https:\/\/api.w.org\/{rel}","templated":true}]}}

<p>Liebe NachbarInnen und Interessierte, am 14.05.2017 findet wie ja bereits angekündigt  um 10:00 Uhr in unserer Kirche eine Podiumsdiskussion mit VetreterInnen aus Kommunal- und Landespolitik sowie auch Regionalräten statt. Lieber Thomas, bitte nimm diesen Termin mit auf die website.</p>
<p>Die Regionalrätin Frau Simona Koss hat übrigens bereits ihr Kommen angekündigt. Es ist wichtig, dass Ihr diese Veranstaltung möglichst weiträumig publik macht.</p>
<p>&nbsp;</p>
<p>Es grüßt Euch herzlich</p>
<p>&nbsp;</p>
<p><strong>Stefan Hellert</strong></p>
<p>Sprecher der Bürgerinitiative Carzig</p>

<p>Liebe NachbarInnen und Interessierte, am 14.05.2017 findet wie ja bereits angekündigt  um 10:00 Uhr in unserer Kirche eine Podiumsdiskussion mit VetreterInnen aus Kommunal- und Landespolitik sowie auch Regionalräten statt. Lieber Thomas, bitte nimm diesen Termin mit auf die website. Die Regionalrätin Frau Simona Koss hat übrigens bereits ihr Kommen angekündigt.…</p>
<p> <a class="continue-reading-link" href="https://www.carzig.net/carzig/event/podiumsdiskussion-mit-vetreterinnen-aus-kommunal-und-landespolitik/"><span>mehr lesen</span><i class="crycon-right-dir"></i></a> </p>
